{"id":36,"date":"2020-06-03T08:54:43","date_gmt":"2020-06-03T08:54:43","guid":{"rendered":"http:\/\/ugly-duckling.de\/?page_id=36"},"modified":"2026-04-26T18:44:39","modified_gmt":"2026-04-26T18:44:39","slug":"news","status":"publish","type":"page","link":"https:\/\/ugly-duckling.de\/?page_id=36","title":{"rendered":"Archiv"},"content":{"rendered":"\n<p class=\"has-drop-cap\">\u00dcbersicht der letzten News<\/p>\n\n\n\n<figure class=\"wp-block-table alignwide is-style-regular\"><table class=\"has-fixed-layout\"><thead><tr><th>Datum<\/th><th>Titel<\/th><th>Link<\/th><\/tr><\/thead><tbody><tr><td>26.04.2026<\/td><td>Und schon kommt das n\u00e4chste Highlight<\/td><td><a href=\"https:\/\/ugly-duckling.de\/?p=965\" data-type=\"link\" data-id=\"https:\/\/ugly-duckling.de\/?p=965\">Link<\/a><\/td><\/tr><tr><td>26.04.2026<\/td><td>Ist Stuttgart klein Paris????<\/td><td><a href=\"https:\/\/ugly-duckling.de\/?p=952\" data-type=\"link\" data-id=\"https:\/\/ugly-duckling.de\/?p=952\">Link<\/a><\/td><\/tr><tr><td>19.04.2026<\/td><td>Auch 2026: Ugly Duckling Teil der franz\u00f6sischen Wochen in Stuttgart<\/td><td><a href=\"https:\/\/ugly-duckling.de\/?p=946\" data-type=\"link\" data-id=\"https:\/\/ugly-duckling.de\/?p=946\">Link<\/a><\/td><\/tr><tr><td>09.01.2026<\/td><td>Ugly Duckling in Concert im Timbales<\/td><td><a href=\"https:\/\/ugly-duckling.de\/?p=931\" data-type=\"link\" data-id=\"https:\/\/ugly-duckling.de\/?p=931\">Link<\/a><\/td><\/tr><tr><td>08.11.205<\/td><td>Der Kalender 2026 f\u00fcllt sich\u2026<\/td><td><a href=\"https:\/\/ugly-duckling.de\/?p=922\" data-type=\"link\" data-id=\"https:\/\/ugly-duckling.de\/?p=922\">Link<\/a><\/td><\/tr><tr><td>08.06.2025<\/td><td>Wow, was f\u00fcr eine Location!<\/td><td><a href=\"https:\/\/ugly-duckling.de\/?p=845\" data-type=\"post\" data-id=\"845\">Link<\/a><\/td><\/tr><tr><td>31.03.2025<\/td><td>Ugly Duckling in k\u00f6niglichen Kreisen\u2026<\/td><td><a href=\"https:\/\/ugly-duckling.de\/?p=818\" data-type=\"post\" data-id=\"818\">Link<\/a><\/td><\/tr><tr><td>23.12.2024<\/td><td>Frohe Weihnachten<\/td><td><a href=\"https:\/\/ugly-duckling.de\/?p=781\">Link<\/a><\/td><\/tr><tr><td>23.12.2024<\/td><td>So war der Christmas Rock im Timbales<\/td><td><a href=\"https:\/\/ugly-duckling.de\/?p=784\">Link<\/a><\/td><\/tr><tr><td>10.11.2024<\/td><td>Christmas Rock mit Ugly Duckling<\/td><td><a href=\"https:\/\/ugly-duckling.de\/?p=754\">Link<\/a><\/td><\/tr><tr><td>10.11.2024<\/td><td>Abwechslungsreiches Programm beim Tribute Club der 27er<\/td><td><a href=\"https:\/\/ugly-duckling.de\/?p=747\">Link<\/a><\/td><\/tr><tr><td>05.08.2024<\/td><td>Tribute Club der 27er am 21.09.2024<\/td><td><a href=\"https:\/\/ugly-duckling.de\/?p=739\">Link<\/a><\/td><\/tr><tr><td>29.07.2024<\/td><td>\u201eLes vilains petits canards\u201c lassen das Timbales kochen!<\/td><td><a href=\"https:\/\/ugly-duckling.de\/?p=728\" data-type=\"post\" data-id=\"728\">Link<\/a><\/td><\/tr><tr><td>24.02.2024<\/td><td>Ugly Duckling bei den franz\u00f6sischen Wochen<\/td><td><a href=\"https:\/\/ugly-duckling.de\/?p=714\">Link<\/a><\/td><\/tr><tr><td>07.01.2024<\/td><td>Super Stimmung im Timbales!<\/td><td><a href=\"https:\/\/ugly-duckling.de\/?p=702\">Link<\/a><\/td><\/tr><tr><td>25.12.2023<\/td><td>Ugly Duckling in Concert am 06.01.2024<\/td><td><a href=\"https:\/\/ugly-duckling.de\/?p=657\">Link<\/a><\/td><\/tr><tr><td>13.11.2023<\/td><td>Und noch ein neuer Termin \u2026<\/td><td><a href=\"https:\/\/ugly-duckling.de\/?p=554\">Link<\/a><\/td><\/tr><tr><td>26.10.2023<\/td><td>Neue Termine!!!<\/td><td><a href=\"https:\/\/ugly-duckling.de\/?p=543\">Link<\/a><\/td><\/tr><tr><td>01.03.2023<\/td><td>Van Morrison \u2013 Clapton Tribute<\/td><td><a href=\"https:\/\/ugly-duckling.de\/?p=494\" data-type=\"post\" data-id=\"494\">Link<\/a><\/td><\/tr><tr><td>22.01.2023<\/td><td>Der Vorverkauf hat gestartet<\/td><td><a href=\"https:\/\/ugly-duckling.de\/?p=486\" data-type=\"post\" data-id=\"486\">Link<\/a><\/td><\/tr><tr><td>31.12.2022<\/td><td>Tribute to Eric Clapton and Van Morrision am 25.02.2023<\/td><td><a href=\"https:\/\/ugly-duckling.de\/?p=474\" data-type=\"post\" data-id=\"474\">Link<\/a><\/td><\/tr><tr><td>05.11.2022<\/td><td>Konzert in Stetten f\u00e4llt aus!<\/td><td><a href=\"https:\/\/ugly-duckling.de\/?p=464\" data-type=\"post\" data-id=\"464\">Link<\/a><\/td><\/tr><tr><td>27.03.2022<\/td><td>Der Fr\u00fchling kommt und mit ihm ein Ugly Duckling Open Air<\/td><td><a href=\"https:\/\/ugly-duckling.de\/?p=450\" data-type=\"post\" data-id=\"450\">Link<\/a><\/td><\/tr><tr><td>22.12.2021<\/td><td>Ups \u2026 jo is denn scho Weihnochtn?<\/td><td><a href=\"https:\/\/ugly-duckling.de\/?p=435\" data-type=\"post\" data-id=\"435\">Link<\/a><\/td><\/tr><tr><td>11.12.2021<\/td><td>So war unser Benefizkonzert<\/td><td><a href=\"https:\/\/ugly-duckling.de\/?p=408\" data-type=\"post\" data-id=\"408\">Link<\/a><\/td><\/tr><tr><td>23.10.2021<\/td><td>Benefizkonzert 20. November 2021<\/td><td><a href=\"https:\/\/ugly-duckling.de\/?p=381\" data-type=\"post\" data-id=\"381\">Link<\/a><\/td><\/tr><tr><td>11.10.2021<\/td><td>Die Wartezeit hat bald ein Ende \u2026<\/td><td><a href=\"https:\/\/ugly-duckling.de\/?p=374\" data-type=\"post\" data-id=\"374\">Link<\/a><\/td><\/tr><tr><td>02.03.2021<\/td><td>Gr\u00fc\u00dfe aus dem Lockdown<\/td><td><a href=\"https:\/\/ugly-duckling.de\/?p=370\" data-type=\"post\" data-id=\"370\">Link<\/a><\/td><\/tr><tr><td>06.12.2020<\/td><td>Frohe Weihnachten<\/td><td><a href=\"https:\/\/ugly-duckling.de\/?p=359\" data-type=\"post\" data-id=\"359\">Link<\/a><\/td><\/tr><tr><td>19.10.2020<\/td><td>Schee wars &#8230; Ugly Duckling &amp; Friends im Schwanen in Waiblingen<\/td><td><a href=\"https:\/\/ugly-duckling.de\/?p=224\" data-type=\"post\" data-id=\"224\">Link<\/a><\/td><\/tr><tr><td>11.10.2020<\/td><td>Vorschau: Ugly Duckling &amp; Friends am 17.10.2020 <\/td><td><a href=\"https:\/\/ugly-duckling.de\/?p=215\" data-type=\"post\" data-id=\"215\">Link<\/a><\/td><\/tr><tr><td>03.06.2020<\/td><td>Ugly Duckling Homepage bekommt neues Gesicht<\/td><td><a href=\"https:\/\/ugly-duckling.de\/?p=1\" data-type=\"post\" data-id=\"1\">Lin<\/a><a href=\"https:\/\/ugly-duckling.de\/?p=158\">k<\/a><\/td><\/tr><\/tbody><\/table><\/figure>\n\n\n\n<p><\/p>\n","protected":false},"excerpt":{"rendered":"<p>\u00dcbersicht der letzten News Datum Titel Link 26.04.2026 Und schon kommt das n\u00e4chste Highlight Link 26.04.2026 Ist Stuttgart klein Paris???? Link 19.04.2026 Auch 2026: Ugly Duckling Teil der franz\u00f6sischen Wochen in Stuttgart Link 09.01.2026 Ugly Duckling in Concert im Timbales Link 08.11.205 Der Kalender 2026 f\u00fcllt sich\u2026 Link 08.06.2025 Wow, was f\u00fcr eine Location! Link &hellip; <\/p>\n<p class=\"link-more\"><a href=\"https:\/\/ugly-duckling.de\/?page_id=36\" class=\"more-link\"><span class=\"screen-reader-text\">\u201eArchiv\u201c<\/span> weiterlesen<\/a><\/p>\n","protected":false},"author":1,"featured_media":0,"parent":0,"menu_order":0,"comment_status":"closed","ping_status":"closed","template":"","meta":{"footnotes":""},"class_list":["post-36","page","type-page","status-publish","hentry"],"_links":{"self":[{"href":"https:\/\/ugly-duckling.de\/index.php?rest_route=\/wp\/v2\/pages\/36","targetHints":{"allow":["GET"]}}],"collection":[{"href":"https:\/\/ugly-duckling.de\/index.php?rest_route=\/wp\/v2\/pages"}],"about":[{"href":"https:\/\/ugly-duckling.de\/index.php?rest_route=\/wp\/v2\/types\/page"}],"author":[{"embeddable":true,"href":"https:\/\/ugly-duckling.de\/index.php?rest_route=\/wp\/v2\/users\/1"}],"replies":[{"embeddable":true,"href":"https:\/\/ugly-duckling.de\/index.php?rest_route=%2Fwp%2Fv2%2Fcomments&post=36"}],"version-history":[{"count":17,"href":"https:\/\/ugly-duckling.de\/index.php?rest_route=\/wp\/v2\/pages\/36\/revisions"}],"predecessor-version":[{"id":971,"href":"https:\/\/ugly-duckling.de\/index.php?rest_route=\/wp\/v2\/pages\/36\/revisions\/971"}],"wp:attachment":[{"href":"https:\/\/ugly-duckling.de\/index.php?rest_route=%2Fwp%2Fv2%2Fmedia&parent=36"}],"curies":[{"name":"wp","href":"https:\/\/api.w.org\/{rel}","templated":true}]}}

<p class="has-drop-cap">Übersicht der letzten News</p>



<figure class="wp-block-table alignwide is-style-regular"><table class="has-fixed-layout"><thead><tr><th>Datum</th><th>Titel</th><th>Link</th></tr></thead><tbody><tr><td>26.04.2026</td><td>Und schon kommt das nächste Highlight</td><td><a href="https://ugly-duckling.de/?p=965" data-type="link" data-id="https://ugly-duckling.de/?p=965">Link</a></td></tr><tr><td>26.04.2026</td><td>Ist Stuttgart klein Paris????</td><td><a href="https://ugly-duckling.de/?p=952" data-type="link" data-id="https://ugly-duckling.de/?p=952">Link</a></td></tr><tr><td>19.04.2026</td><td>Auch 2026: Ugly Duckling Teil der französischen Wochen in Stuttgart</td><td><a href="https://ugly-duckling.de/?p=946" data-type="link" data-id="https://ugly-duckling.de/?p=946">Link</a></td></tr><tr><td>09.01.2026</td><td>Ugly Duckling in Concert im Timbales</td><td><a href="https://ugly-duckling.de/?p=931" data-type="link" data-id="https://ugly-duckling.de/?p=931">Link</a></td></tr><tr><td>08.11.205</td><td>Der Kalender 2026 füllt sich…</td><td><a href="https://ugly-duckling.de/?p=922" data-type="link" data-id="https://ugly-duckling.de/?p=922">Link</a></td></tr><tr><td>08.06.2025</td><td>Wow, was für eine Location!</td><td><a href="https://ugly-duckling.de/?p=845" data-type="post" data-id="845">Link</a></td></tr><tr><td>31.03.2025</td><td>Ugly Duckling in königlichen Kreisen…</td><td><a href="https://ugly-duckling.de/?p=818" data-type="post" data-id="818">Link</a></td></tr><tr><td>23.12.2024</td><td>Frohe Weihnachten</td><td><a href="https://ugly-duckling.de/?p=781">Link</a></td></tr><tr><td>23.12.2024</td><td>So war der Christmas Rock im Timbales</td><td><a href="https://ugly-duckling.de/?p=784">Link</a></td></tr><tr><td>10.11.2024</td><td>Christmas Rock mit Ugly Duckling</td><td><a href="https://ugly-duckling.de/?p=754">Link</a></td></tr><tr><td>10.11.2024</td><td>Abwechslungsreiches Programm beim Tribute Club der 27er</td><td><a href="https://ugly-duckling.de/?p=747">Link</a></td></tr><tr><td>05.08.2024</td><td>Tribute Club der 27er am 21.09.2024</td><td><a href="https://ugly-duckling.de/?p=739">Link</a></td></tr><tr><td>29.07.2024</td><td>„Les vilains petits canards“ lassen das Timbales kochen!</td><td><a href="https://ugly-duckling.de/?p=728" data-type="post" data-id="728">Link</a></td></tr><tr><td>24.02.2024</td><td>Ugly Duckling bei den französischen Wochen</td><td><a href="https://ugly-duckling.de/?p=714">Link</a></td></tr><tr><td>07.01.2024</td><td>Super Stimmung im Timbales!</td><td><a href="https://ugly-duckling.de/?p=702">Link</a></td></tr><tr><td>25.12.2023</td><td>Ugly Duckling in Concert am 06.01.2024</td><td><a href="https://ugly-duckling.de/?p=657">Link</a></td></tr><tr><td>13.11.2023</td><td>Und noch ein neuer Termin …</td><td><a href="https://ugly-duckling.de/?p=554">Link</a></td></tr><tr><td>26.10.2023</td><td>Neue Termine!!!</td><td><a href="https://ugly-duckling.de/?p=543">Link</a></td></tr><tr><td>01.03.2023</td><td>Van Morrison – Clapton Tribute</td><td><a href="https://ugly-duckling.de/?p=494" data-type="post" data-id="494">Link</a></td></tr><tr><td>22.01.2023</td><td>Der Vorverkauf hat gestartet</td><td><a href="https://ugly-duckling.de/?p=486" data-type="post" data-id="486">Link</a></td></tr><tr><td>31.12.2022</td><td>Tribute to Eric Clapton and Van Morrision am 25.02.2023</td><td><a href="https://ugly-duckling.de/?p=474" data-type="post" data-id="474">Link</a></td></tr><tr><td>05.11.2022</td><td>Konzert in Stetten fällt aus!</td><td><a href="https://ugly-duckling.de/?p=464" data-type="post" data-id="464">Link</a></td></tr><tr><td>27.03.2022</td><td>Der Frühling kommt und mit ihm ein Ugly Duckling Open Air</td><td><a href="https://ugly-duckling.de/?p=450" data-type="post" data-id="450">Link</a></td></tr><tr><td>22.12.2021</td><td>Ups … jo is denn scho Weihnochtn?</td><td><a href="https://ugly-duckling.de/?p=435" data-type="post" data-id="435">Link</a></td></tr><tr><td>11.12.2021</td><td>So war unser Benefizkonzert</td><td><a href="https://ugly-duckling.de/?p=408" data-type="post" data-id="408">Link</a></td></tr><tr><td>23.10.2021</td><td>Benefizkonzert 20. November 2021</td><td><a href="https://ugly-duckling.de/?p=381" data-type="post" data-id="381">Link</a></td></tr><tr><td>11.10.2021</td><td>Die Wartezeit hat bald ein Ende …</td><td><a href="https://ugly-duckling.de/?p=374" data-type="post" data-id="374">Link</a></td></tr><tr><td>02.03.2021</td><td>Grüße aus dem Lockdown</td><td><a href="https://ugly-duckling.de/?p=370" data-type="post" data-id="370">Link</a></td></tr><tr><td>06.12.2020</td><td>Frohe Weihnachten</td><td><a href="https://ugly-duckling.de/?p=359" data-type="post" data-id="359">Link</a></td></tr><tr><td>19.10.2020</td><td>Schee wars &#8230; Ugly Duckling &amp; Friends im Schwanen in Waiblingen</td><td><a href="https://ugly-duckling.de/?p=224" data-type="post" data-id="224">Link</a></td></tr><tr><td>11.10.2020</td><td>Vorschau: Ugly Duckling &amp; Friends am 17.10.2020 </td><td><a href="https://ugly-duckling.de/?p=215" data-type="post" data-id="215">Link</a></td></tr><tr><td>03.06.2020</td><td>Ugly Duckling Homepage bekommt neues Gesicht</td><td><a href="https://ugly-duckling.de/?p=1" data-type="post" data-id="1">Lin</a><a href="https://ugly-duckling.de/?p=158">k</a></td></tr></tbody></table></figure>



<p></p>

<p>Übersicht der letzten News Datum Titel Link 26.04.2026 Und schon kommt das nächste Highlight Link 26.04.2026 Ist Stuttgart klein Paris???? Link 19.04.2026 Auch 2026: Ugly Duckling Teil der französischen Wochen in Stuttgart Link 09.01.2026 Ugly Duckling in Concert im Timbales Link 08.11.205 Der Kalender 2026 füllt sich… Link 08.06.2025 Wow, was für eine Location! Link &hellip; </p>
<p class="link-more"><a href="https://ugly-duckling.de/?page_id=36" class="more-link"><span class="screen-reader-text">„Archiv“</span> weiterlesen</a></p>
